 divided by 25?
22
What is the remainder when 259 is divided by 81?
16
What is the remainder when 12 is divided by 4?
0
Calculate the remainder when 1302 is divided by 38.
10
What is the remainder when 83 is divided by 35?
13
What is the remainder when 189 is divided by 102?
87
Calculate the remainder when 4523 is divided by 39.
38
What is the remainder when 326 is divided by 42?
32
What is the remainder when 578 is divided by 6?
2
Calculate the remainder when 877 is divided by 152.
117
Calculate the remainder when 54 is divided by 19.
16
Calculate the remainder when 5197 is divided by 130.
127
Calculate the remainder when 142 is divided by 32.
14
What is the remainder when 388 is divided by 371?
17
Calculate the remainder when 386 is divided by 43.
42
Calculate the remainder when 11207 is divided by 22.
9
What is the remainder when 217 is divided by 4?
1
Calculate the remainder when 72 is divided by 64.
8
What is the remainder when 1360 is divided by 340?
0
Calculate the remainder when 777 is divided by 34.
29
What is the remainder when 1543 is divided by 103?
101
What is the remainder when 494 is divided by 71?
68
What is the remainder when 224 is divided by 68?
20
What is the remainder when 150 is divided by 137?
13
What is the remainder when 26 is divided by 24?
2
Calculate the remainder when 179 is divided by 62.
55
Calculate the remainder when 182 is divided by 47.
41
Calculate the remainder when 2061 is divided by 81.
36
Calculate the remainder when 6722 is divided by 82.
80
What is the remainder when 3191 is divided by 152?
151
Calculate the remainder when 8059 is divided by 31.
30
Calculate the remainder when 7384 is divided by 921.
16
What is the remainder when 1274 is divided by 142?
138
Calculate the remainder when 44 is divided by 16.
12
Calculate the remainder when 215 is divided by 127.
88
What is the remainder when 310 is divided by 35?
30
What is the remainder when 500 is divided by 162?
14
Calculate the remainder when 187 is divided by 1.
0
What is the remainder when 224 is divided by 35?
14
What is the remainder when 509 is divided by 468?
41
Calculate the remainder when 206 is divided by 62.
20
What is the remainder when 184 is divided by 5?
4
What is the remainder when 713 is divided by 184?
161
Calculate the remainder when 141 is divided by 54.
33
Calculate the remainder when 15 is divided by 6.
3
Calculate the remainder when 254 is divided by 70.
44
What is the remainder when 51 is divided by 13?
12
Calculate the remainder when 1119 is divided by 17.
14
Calculate the remainder when 1095 is divided by 294.
213
What is the remainder when 153 is divided by 53?
47
Calculate the remainder when 181 is divided by 12.
1
Calculate the remainder when 138 is divided by 41.
15
Calculate the remainder when 2977 is divided by 19.
13
Calculate the remainder when 91 is divided by 27.
10
Calculate the remainder when 1083 is divided by 306.
165
What is the remainder when 491 is divided by 487?
4
Calculate the remainder when 10911 is divided by 16.
15
What is the remainder when 483 is divided by 27?
24
Calculate the remainder when 377 is divided by 95.
92
Calculate the remainder when 581 is divided by 391.
190
What is the remainder when 1453 is divided by 51?
25
Calculate the remainder when 972 is divided by 20.
12
Calculate the remainder when 393 is divided by 33.
30
Calculate the remainder when 3009 is divided by 131.
127
Calculate the remainder when 198 is divided by 190.
8
Calculate the remainder when 178 is divided by 73.
32
What is the remainder when 297 is divided by 150?
147
What is the remainder when 1938 is divided by 385?
13
What is the remainder when 250 is divided by 33?
19
Calculate the remainder when 47 is divided by 13.
8
What is the remainder when 544 is divided by 160?
64
What is the remainder when 301 is divided by 20?
1
What is the remainder when 124 is divided by 43?
38
Calculate the remainder when 143 is divided by 64.
15
What is the remainder when 529 is divided by 137?
118
What is the remainder when 121 is divided by 4?
1
Calculate the remainder when 462 is divided by 28.
14
What is the remainder when 681 is divided by 93?
30
Calculate the remainder when 183 is divided by 67.
49
What is the remainder when 23 is divided by 13?
10
Calculate the remainder when 184 is divided by 83.
18
Calculate the remainder when 732 is divided by 137.
47
What is the remainder when 611 is divided by 77?
72
Calculate the remainder when 7948 is divided by 17.
9
Calculate the remainder when 2344 is divided by 84.
76
What is the remainder when 34 is divided by 2?
0
What is the remainder when 535 is divided by 133?
3
Calculate the remainder when 702 is divided by 232.
6
Calculate the remainder when 76 is divided by 37.
2
What is the remainder when 27 is divided by 13?
1
What is the remainder when 4332 is divided by 51?
48
Calculate the remainder when 16101 is divided by 12.
9
Calculate the remainder when 86 is divided by 28.
2
Calculate the remainder when 1503 is divided by 136.
7
Calculate the remainder when 702 is divided by 235.
232
What is the remainder when 18182 is divided by 9090?
2
What is the remainder when 12 is divided by 8?
4
Calculate the remainder when 1749 is divided by 50.
49
Calculate the remainder when 59 is divided by 19.
2
Calculate the remainder when 4990 is divided by 2493.
4
What is the remainder when 275 is divided by 28?
23
Calculate the remainder when 1565 is divided by 29.
28
Calculate the remainder when 11174 is divided by 88.
86
What is the remainder when 139 is divided by 9?
4
What is the remainder when 524 is divided by 66?
62
Calculate the remainder when 5848 is divided by 1939.
31
Calculate the remainder when 123 is divided by 32.
27
Calculate the remainder when 1298 is divided by 100.
98
What is the remainder when 72 is divided by 6?
0
Calculate the remainder when 648 is divided by 162.
0
Calculate the remainder when 301 is divided by 62.
53
What is the remainder when 270 is divided by 95?
80
What is the remainder when 274 is divided by 11?
10
Calculate the remainder when 318 is divided by 40.
38
Calculate the remainder when 197 is divided by 8.
5
Calculate the remainder when 117 is divided by 51.
15
What is the remainder when 555 is divided by 14?
9
What is the remainder when 5316 is divided by 190?
186
What is the remainder when 202 is divided by 95?
12
Calculate the remainder when 279 is divided by 14.
13
Calculate the remainder when 1763 is divided by 93.
89
Calculate the remainder when 188 is divided by 40.
28
Calculate the remainder when 13538 is divided by 10.
8
Calculate the remainder when 229 is divided by 47.
41
What is the remainder when 725 is divided by 56?
53
Calculate the remainder when 169 is divided by 52.
13
What is the remainder when 244 is divided by 88?
68
Calculate the remainder when 888 is divided by 126.
6
Calculate the remainder when 2090 is divided by 130.
10
What is the remainder when 167 is divided by 47?
26
Calculate the remainder when 28812 is divided by 255.
252
What is the remainder when 880 is divided by 20?
0
What is the remainder when 5611 is divided by 23?
22
Calculate the remainder when 106 is divided by 22.
18
What is the remainder when 18 is divided by 14?
4
Calculate the remainder when 1157 is divided by 5.
2
Calculate the remainder when 238 is divided by 63.
49
What is the remainder when 97 is divided by 33?
31
What is the remainder when 921 is divided by 42?
39
Calculate the remainder when 162 is divided by 43.
33
What is the remainder when 15676 is divided by 245?
241
What is the remainder when 335 is divided by 68?
63
Calculate the remainder when 800 is divided by 37.
23
Calculate the remainder when 198 is divided by 77.
44
Calculate the remainder when 187 is divided by 49.
40
Calculate the remainder when 121 is divided by 34.
19
Calculate the remainder when 20 is divided by 5.
0
Calculate the remainder when 90 is divided by 87.
3
Calculate the remainder when 3291 is divided by 103.
98
What is the remainder when 433 is divided by 5?
3
Calculate the remainder when 20 is divided by 12.
8
Calculate the remainder when 78 is divided by 16.
14
Calculate the remainder when 120 is divided by 17.
1
What is the remainder when 2103 is divided by 31?
26
What is the remai